{"id":4648,"date":"2023-05-19T11:02:55","date_gmt":"2023-05-19T11:02:55","guid":{"rendered":"https:\/\/almosdisportklub.hu\/?page_id=4648"},"modified":"2023-06-19T11:46:45","modified_gmt":"2023-06-19T11:46:45","slug":"rolunk","status":"publish","type":"page","link":"https:\/\/almosdisportklub.hu\/index.php\/rolunk\/","title":{"rendered":"R\u00f3lunk"},"content":{"rendered":"<section class=\"wpb-content-wrapper\"><p>[vc_row][vc_column]<h1 class=\"sc_title sc_title_regular\" data-animation=\"animated  normal\"><strong>R\u00f3lunk<\/strong><\/h1>[\/vc_column][\/vc_row][vc_row][vc_column][vc_column_text]Az \u00c1lmosdi Sportklub 2021 tel\u00e9n j\u00f6tt l\u00e9tre, els\u0151dlegesen azzal a c\u00e9llal, hogy a helyben \u00e9l\u0151 14 \u00e9v alatti fiatalok sz\u00e1m\u00e1ra sportol\u00e1si lehet\u0151s\u00e9get teremtsen.<\/p>\n<p>Az egyes\u00fclet ig\u00e9nyfelm\u00e9r\u00e9seket k\u00f6vet\u0151en els\u0151 k\u00f6rben a labdar\u00fag\u00e1s sport\u00e1gban elind\u00edtotta a helyi \u00f3vod\u00e1ban a toborz\u00e1st, majd k\u00e9t edz\u0151 ir\u00e1ny\u00edt\u00e1s\u00e1val az 5 \u00e9v feletti gyermekek j\u00e1t\u00e9kos edz\u00e9s\u00e9t, amely els\u0151sorban a sport, a labdaj\u00e1t\u00e9k \u00e9s csapatj\u00e1t\u00e9k megszerettet\u00e9s\u00e9re \u00e9s a tehets\u00e9ges gyermekek felfedez\u00e9s\u00e9re ir\u00e1nyult. Annyira n\u00e9pszer\u0171 lett mind a sz\u00fcl\u0151k, mind a gyermekek k\u00f6r\u00e9ben, hogy 2022 tavasz\u00e1n Ny\u00edradonyban a labdar\u00fag\u00f3 fesztiv\u00e1lon m\u00e1r h\u00e1rom csapatunk is r\u00e9szt vett a torn\u00e1n \u00f6sszesen 14 leigazolt U7-es koroszt\u00e1ly\u00fa gyermekkel. A folyamatos toborz\u00e1snak \u00e9s j\u00f3 hangulat\u00fa edz\u00e9seknek k\u00f6sz\u00f6nhet\u0151en az \u0151szi fesztiv\u00e1lra m\u00e1r h\u00e1rom U7-es csapattal, a torn\u00e1ra pedig egy U9-es \u00e9s egy U11-es csapattal nevezett \u00e9s indult az egyes\u00fclet. Az egyes\u00fcletben \u00a0sportol\u00f3 gyermekek \u00e9s feln\u0151ttek sz\u00e1ma folyamatosan b\u0151v\u00fcl, jelenleg m\u00e1r \u00f6tven f\u0151 felett tart az akt\u00edvan sportol\u00f3 egyes\u00fcleti tagok sz\u00e1ma.<\/p>\n<p>A feln\u0151tt lakoss\u00e1got is \u00f6r\u00f6mmel t\u00f6lt\u00f6tte el \u00e9s megmozd\u00edtotta, hogy \u00fajra egyes\u00fcleti keretek k\u00f6z\u00f6tt lehet sportolni \u00c1lmosdon. Felbuzdulva a gyermekek lelkesed\u00e9s\u00e9n, a feln\u0151tt csapat \u00fajra szervez\u0151d\u00f6tt, elindultak az edz\u00e9sek, majd az \u00a0egyes\u00fclet benevezte a feln\u0151tt csapatot a Megye III. bajnoks\u00e1gra ahol szinte minden h\u00e9tv\u00e9g\u00e9n m\u00e9rk\u0151z\u00e9sek zajlanak \u00e9s egyre jobb \u00a0eredm\u00e9nyeket \u00e9r el az \u00e1lmosdi\u00a0 feln\u0151tt labdar\u00fag\u00f3 csapat. A Sportklub vezet\u00e9se \u00a0r\u00e9sz\u00e9r\u0151l folyamatos ig\u00e9nyfelm\u00e9r\u00e9se zajlik az \u00e1lmosdi lakoss\u00e1g k\u00f6r\u00e9ben arra vonatkoz\u00f3an, hogy a k\u00fcl\u00f6nb\u00f6z\u0151 koroszt\u00e1lyok sz\u00e1m\u00e1ra milyen m\u00e1s sportol\u00e1si lehet\u0151s\u00e9geket, k\u00f6z\u00f6ss\u00e9gform\u00e1l\u00f3 alkalmakat teremtsen meg az egyes\u00fclet.<\/p>\n<p>A Sportklub elhat\u00e1roz\u00e1sra m\u00e1sodlagosan az, hogy \u00f6sszefogva a telep\u00fcl\u00e9sen \u00e9l\u0151, tev\u00e9keny emberekkel sportot, mozg\u00e1st, szabadid\u0151s tev\u00e9kenys\u00e9get, j\u00f3 hangulatot, k\u00f6z\u00f6ss\u00e9gi alkalmakat teremtsen a telep\u00fcl\u00e9s \u00e9let\u00e9be.<\/p>\n<p>Egyes\u00fclet\u00fcnk minden t\u0151le telhet\u0151t megtesz az\u00e9rt, hogy az \u00e1lmosdi gyermekeket min\u00e9l t\u00f6bb sportol\u00e1si lehet\u0151s\u00e9ghez juttassa. Ehhez elengedhetetlen felt\u00e9tel a \u00a0sz\u00fcl\u0151k, edz\u0151k, tan\u00e1rok, az \u00f6nkorm\u00e1nyzat \u00e9s az egyes\u00fclet seg\u00edts\u00e9ge, \u00f6sszefog\u00e1sa, hiszen\u00a0 sem a fiatalok, sem az id\u0151sek r\u00e9sz\u00e9re nem igaz\u00e1n volt semmilyen sportol\u00e1si lehet\u0151s\u00e9g \u00e9vek \u00f3ta a telep\u00fcl\u00e9sen.<\/p>\n<p>Ahogy t\u0151l\u00fcnk \u00e9s er\u0151forr\u00e1sainkb\u00f3l telik, kisebb, nagyobb k\u00f6z\u00f6ss\u00e9geket form\u00e1lunk, majd lehet\u0151s\u00e9g szerint lassan a telep\u00fcl\u00e9sen \u00e9l\u0151k nagy r\u00e9sz\u00e9t bevonjuk a programjainkba, amelyek nem csup\u00e1n a sportr\u00f3l, hanem az eg\u00e9szs\u00e9ges \u00e9letm\u00f3dr\u00f3l, prevenci\u00f3r\u00f3l, \u00e9letm\u00f3d tan\u00e1csad\u00e1sr\u00f3l \u00e9s szeml\u00e9letform\u00e1l\u00e1sr\u00f3l \u00e9s az \u00f6nk\u00e9ntes feladatv\u00e1llal\u00e1sr\u00f3l is sz\u00f3lnak.<\/p>\n<p>Az \u00f6nkorm\u00e1nyzat is seg\u00edt\u0151k\u00e9szen \u00e1llt a kezdem\u00e9nyez\u00e9s\u00fcnk mell\u00e9, a fesztiv\u00e1lokra, torn\u00e1kra a gyermekek sz\u00e1ll\u00edt\u00e1s\u00e1ban nagy seg\u00edts\u00e9get ny\u00fajt.<\/p>\n<p>Mivel semmilyen nagy sportp\u00e1ly\u00e1ja nincs jelenleg \u00c1lmosdon, az egyes\u00fclet\u00fcnk az \u00f6nkorm\u00e1nyzattal egy\u00fcttm\u0171k\u00f6dve mindent megtesz az\u00e9rt, hogy \u00fajra saj\u00e1t f\u00fcves nagyp\u00e1ly\u00e1val rendelkezz\u00fcnk ahol mind az edz\u00e9sek. a torn\u00e1k, a fesztiv\u00e1lok, az edz\u0151t\u00e1borok, a sportversenyek \u00e9s a telep\u00fcl\u00e9s egy\u00e9b rendezv\u00e9nyei is otthont kaphassanak, valamint \u00a0a hazai meccseket a feln\u0151ttek hazai p\u00e1ly\u00e1n \u00e9s ne m\u00e1shol b\u00e9relt p\u00e1ly\u00e1n j\u00e1tszhass\u00e1k. Nagyon fontos lenne ez a k\u00f6z\u00f6ss\u00e9g \u00e9s a gyermekek sz\u00e1m\u00e1ra is, hiszen a focinak haz\u00e1nkban nagyon nagy \u00f6sszetart\u00f3, k\u00f6z\u00f6ss\u00e9g \u00e9s szeml\u00e9letform\u00e1l\u00f3 ereje van.<\/p>\n<p>Az edz\u0151i feladatokat ell\u00e1t\u00f3 k\u00e9t szakember t\u00e1rsadalmi szerepv\u00e1llal\u00e1sban, \u00f6nk\u00e9ntes munk\u00e1t v\u00e9gez minden t\u00e9r\u00edt\u00e9s n\u00e9lk\u00fcl, mert tudj\u00e1k, hogy jelenleg szinte semmilyen anyagi forr\u00e1s nem \u00e1ll rendelkez\u00e9sre.<\/p>\n<p>B\u00edzunk benne, hogy sportol\u00e1si lehet\u0151s\u00e9geinkkel, rendezv\u00e9nyeinkkel az \u00e1lmosdi \u00e9s a k\u00f6rnyez\u0151 telep\u00fcl\u00e9sen \u00e9l\u0151\u00a0 gyermekek, sz\u00fcleik, nagysz\u00fcleik, illetve a helyi lakoss\u00e1gnak is olyan k\u00f6z\u00f6s alkalmakat, rendszeres tal\u00e1lkoz\u00f3kat teremt\u00fcnk, amely m\u00e1r t\u00falmutat a telep\u00fcl\u00e9sek hat\u00e1rain \u00e9s t\u00e9rs\u00e9gi \u00f6sszefog\u00e1st is eredm\u00e9nyez.<\/p>\n<p>A magyar sport j\u00f6v\u0151je elk\u00e9pzelhetetlen a feln\u00f6vekv\u0151 gener\u00e1ci\u00f3k sikeres \u00e9s min\u00e9l sz\u00e9lesebb k\u00f6r\u0171 sportnevel\u00e9se n\u00e9lk\u00fcl. A sport jellem-, \u00e9s k\u00f6z\u00f6ss\u00e9gform\u00e1l\u00f3 ereje vitathatatlan.\u00a0 Fontos feladat sz\u00e1munkra a sport megszerettet\u00e9se, n\u00e9pszer\u0171s\u00edt\u00e9se, a mindennapi rutinba val\u00f3 be\u00e9p\u00edt\u00e9se, a tehets\u00e9gek id\u0151ben t\u00f6rt\u00e9n\u0151 felfedez\u00e9se m\u00e1r kisgyermekkorban.<\/p>\n<p>Fontos szempont \u00c1lmosd telep\u00fcl\u00e9s sporthagyom\u00e1nyainak \u00e1pol\u00e1sa, k\u00f6z\u00f6ss\u00e9gfejleszt\u00e9se, az eg\u00e9szs\u00e9ges \u00e9s sportszeret\u0151 \u00e9letm\u00f3dra, magatart\u00e1sra val\u00f3 nevel\u00e9s \u00e9s kiemelten a labdar\u00fag\u00f3 sport\u00e1g ut\u00e1np\u00f3tl\u00e1s-nevel\u00e9s felt\u00e9teleinek helyben val\u00f3 megteremt\u00e9se, az ut\u00e1np\u00f3tl\u00e1s-nevel\u00e9s \u00e9s a versenyeztet\u00e9s biztos\u00edt\u00e1sa \u00e9s a teljes lakoss\u00e1g bevon\u00e1sa.[\/vc_column_text][\/vc_column][\/vc_row]<\/p>\n<\/section>","protected":false},"excerpt":{"rendered":"<p>[vc_row][vc_column][\/vc_column][\/vc_row][vc_row][vc_column][vc_column_text]Az \u00c1lmosdi Sportklub 2021 tel\u00e9n j\u00f6tt l\u00e9tre, els\u0151dlegesen azzal a c\u00e9llal, hogy a helyben \u00e9l\u0151 14 \u00e9v alatti fiatalok sz\u00e1m\u00e1ra sportol\u00e1si lehet\u0151s\u00e9get teremtsen. Az egyes\u00fclet ig\u00e9nyfelm\u00e9r\u00e9seket k\u00f6vet\u0151en els\u0151 k\u00f6rben a [&hellip;]<\/p>\n","protected":false},"author":1,"featured_media":0,"parent":0,"menu_order":0,"comment_status":"closed","ping_status":"closed","template":"","meta":{"footnotes":""},"class_list":["post-4648","page","type-page","status-publish","hentry"],"_links":{"self":[{"href":"https:\/\/almosdisportklub.hu\/index.php\/wp-json\/wp\/v2\/pages\/4648","targetHints":{"allow":["GET"]}}],"collection":[{"href":"https:\/\/almosdisportklub.hu\/index.php\/wp-json\/wp\/v2\/pages"}],"about":[{"href":"https:\/\/almosdisportklub.hu\/index.php\/wp-json\/wp\/v2\/types\/page"}],"author":[{"embeddable":true,"href":"https:\/\/almosdisportklub.hu\/index.php\/wp-json\/wp\/v2\/users\/1"}],"replies":[{"embeddable":true,"href":"https:\/\/almosdisportklub.hu\/index.php\/wp-json\/wp\/v2\/comments?post=4648"}],"version-history":[{"count":4,"href":"https:\/\/almosdisportklub.hu\/index.php\/wp-json\/wp\/v2\/pages\/4648\/revisions"}],"predecessor-version":[{"id":4731,"href":"https:\/\/almosdisportklub.hu\/index.php\/wp-json\/wp\/v2\/pages\/4648\/revisions\/4731"}],"wp:attachment":[{"href":"https:\/\/almosdisportklub.hu\/index.php\/wp-json\/wp\/v2\/media?parent=4648"}],"curies":[{"name":"wp","href":"https:\/\/api.w.org\/{rel}","templated":true}]}}