{"id":4667,"date":"2023-05-24T11:45:52","date_gmt":"2023-05-24T11:45:52","guid":{"rendered":"https:\/\/almosdisportklub.hu\/?page_id=4667"},"modified":"2023-05-24T11:45:52","modified_gmt":"2023-05-24T11:45:52","slug":"palyazatok","status":"publish","type":"page","link":"https:\/\/almosdisportklub.hu\/index.php\/palyazatok\/","title":{"rendered":"P\u00e1ly\u00e1zatok"},"content":{"rendered":"<section class=\"wpb-content-wrapper\"><p>[vc_row][vc_column][vc_column_text]\u00c9n egy sz\u00f6vegblokk vagyok. Kattints a szerkeszt\u00e9s gombra a sz\u00f6veg megv\u00e1ltoztat\u00e1s\u00e1hoz. Lorem ipsum dolor sit amet, consectetur adipiscing elit. Ut elit tellus, luctus nec ullamcorper mattis, pulvinar dapibus leo.[\/vc_column_text][\/vc_column][\/vc_row]<\/p>\n<\/section>","protected":false},"excerpt":{"rendered":"<p>[vc_row][vc_column][vc_column_text]\u00c9n egy sz\u00f6vegblokk vagyok. Kattints a szerkeszt\u00e9s gombra a sz\u00f6veg megv\u00e1ltoztat\u00e1s\u00e1hoz. Lorem ipsum dolor sit amet, consectetur adipiscing elit. Ut elit tellus, luctus nec ullamcorper mattis, pulvinar dapibus leo.[\/vc_column_text][\/vc_column][\/vc_row]<\/p>\n","protected":false},"author":1,"featured_media":0,"parent":0,"menu_order":0,"comment_status":"closed","ping_status":"closed","template":"","meta":{"footnotes":""},"class_list":["post-4667","page","type-page","status-publish","hentry"],"_links":{"self":[{"href":"https:\/\/almosdisportklub.hu\/index.php\/wp-json\/wp\/v2\/pages\/4667","targetHints":{"allow":["GET"]}}],"collection":[{"href":"https:\/\/almosdisportklub.hu\/index.php\/wp-json\/wp\/v2\/pages"}],"about":[{"href":"https:\/\/almosdisportklub.hu\/index.php\/wp-json\/wp\/v2\/types\/page"}],"author":[{"embeddable":true,"href":"https:\/\/almosdisportklub.hu\/index.php\/wp-json\/wp\/v2\/users\/1"}],"replies":[{"embeddable":true,"href":"https:\/\/almosdisportklub.hu\/index.php\/wp-json\/wp\/v2\/comments?post=4667"}],"version-history":[{"count":1,"href":"https:\/\/almosdisportklub.hu\/index.php\/wp-json\/wp\/v2\/pages\/4667\/revisions"}],"predecessor-version":[{"id":4668,"href":"https:\/\/almosdisportklub.hu\/index.php\/wp-json\/wp\/v2\/pages\/4667\/revisions\/4668"}],"wp:attachment":[{"href":"https:\/\/almosdisportklub.hu\/index.php\/wp-json\/wp\/v2\/media?parent=4667"}],"curies":[{"name":"wp","href":"https:\/\/api.w.org\/{rel}","templated":true}]}}